i(c) = c**3 - 3*c**2 + 11*c - 27. Calculate i(4).
33
Let j(h) = -5*h**2 + 1371*h - 15975. Determine j(262).
7
Let z(c) = -2*c**3 + 10*c**2 - 5*c + 28. Determine z(6).
-74
Let q(r) = 56*r - 1125. Determine q(20).
-5
Let g(p) = -4*p**3 + 34*p**2 - 8*p - 69. Determine g(8).
-5
Let a(j) = -2*j**3 + 4*j**2 - 97*j + 93. Determine a(1).
-2
Let n(s) = s**2 - 11*s + 3. Determine n(8).
-21
Let y(x) = x**3 - 48*x**2 + 181*x - 34. Give y(4).
-14
Let b(o) = -o**3 - 6*o**2 - 5*o - 29. What is b(0)?
-29
Let t(j) = 149*j + 2745. Calculate t(-19).
-86
Let t(o) = o**3 + 24*o**2 - 22*o + 54. What is t(-25)?
-21
Let g(a) = a**3 - 23*a**2 + 47*a - 1096. Determine g(23).
-15
Let c(r) = 7*r**2 + 14*r - 98. What is c(9)?
595
Let v(u) = -3*u**3 - 474*u**2 - 919*u + 2652. What is v(-156)?
0
Let d(b) = -143*b + 66. What is d(2)?
-220
Let v(y) = -y**2 - 70*y - 1085. Determine v(-47).
-4
Let a(d) = -108*d + 22. What is a(-1)?
130
Let n(v) = 92*v + 844. Calculate n(-9).
16
Let d(n) = -233*n - 574. Determine d(-3).
125
Let x(b) = 13*b**2 + 68*b - 154. Determine x(-7).
7
Let p(v) = -24*v + 48. What is p(-11)?
312
Let v(o) = 3*o**2 + 32*o + 23. What is v(-17)?
346
Let k(m) = -2*m**3 + 14*m**2 - 11*m - 30. Calculate k(2).
-12
Let q(k) = -13*k**2 + 48*k + 75. Determine q(5).
-10
Let p(v) = 365*v + 3286. Give p(-9).
1
Let u(y) = 11*y**3 + 66*y**2 + 54*y + 3. Determine u(-5).
8
Let l(a) = 188*a - 367. Give l(2).
9
Let a(k) = 3*k**2 + 290*k + 4916. What is a(-22)?
-12
Let q(r) = -103*r - 3295. Determine q(-32).
1
Let c(w) = 7*w**2 + 18*w + 54. Calculate c(-5).
139
Let o(x) = 6*x**2 + 479*x + 3061. Calculate o(-7).
2
Let t(j) = j**3 + 25*j**2 + 7*j + 47. Give t(-25).
-128
Let s(i) = -20*i - 1045. Calculate s(-49).
-65
Let r(u) = u**2 + 20*u - 21. Determine r(-23).
48
Let z(l) = -11*l**2 + 441*l + 446. Calculate z(-1).
-6
Let o(t) = 42*t + 771. What is o(-18)?
15
Let c(d) = 23*d - 345. Calculate c(17).
46
Let z(y) = -26*y - 58. What is z(-4)?
46
Let c(n) = -5*n - 104. Calculate c(-18).
-14
Let v(j) = -j**3 - j**2 + 92*j + 21. What is v(9)?
39
Let y(b) = 13*b + 24. Calculate y(-8).
-80
Let o(f) = 10*f**2 + 138*f - 9. Determine o(-14).
19
Let o(d) = -d**3 + 15*d**2 - 52*d. Determine o(10).
-20
Let f(t) = t**2 + 109*t + 1173. Calculate f(-12).
9
Let f(j) = -72*j + 3449. Give f(48).
-7
Let l(p) = 2*p**3 - 415*p**2 - 626*p - 213. Determine l(209).
-4
Let g(i) = -3*i**2 + 17*i - 33. Give g(12).
-261
Let c(k) = k**3 - 10*k**2 + 10*k - 84. Calculate c(7).
-161
Let m(t) = 121*t - 4227. Give m(35).
8
Let g(l) = -l**2 - 22*l + 200. Calculate g(-28).
32
Let o(n) = -88*n + 3020. What is o(34)?
28
Let a(q) = -224*q - 1691. Give a(-8).
101
Let h(i) = 32*i**3 - 20*i**2 + 10*i + 9. Determine h(1).
31
Let c(q) = -2*q**3 + 20*q**2 - 223*q + 1840. Determine c(9).
-5
Let z(h) = -5*h - 15. Calculate z(16).
-95
Let y(j) = j**3 + 38*j**2 + 39*j + 72. What is y(-37)?
-2
Let b(x) = x**3 + 10*x**2 + x - 70. Calculate b(-9).
2
Let r(l) = -21*l**2 + 85*l - 360. What is r(4)?
-356
Let r(c) = 2*c**3 - 146*c**2 - 2*c + 137. Calculate r(73).
-9
Let d(g) = -g + 81. Determine d(48).
33
Let y(l) = 3*l**3 + 59*l**2 + 210*l - 9. Calculate y(-15).
-9
Let t(s) = -7*s**3 - 3*s**2 + 31*s + 92. Give t(-3).
161
Let t(y) = -3*y**3 + 4*y**2 + 38*y - 75. Give t(2).
-7
Let r(l) = -24*l - 357. Calculate r(-3).
-285
Let p(j) = -39*j**2 - 59*j + 59. Determine p(1).
-39
Let d(h) = -48*h + 8. Determine d(-2).
104
Let c(v) = -v**3 - 7*v**2 - 24*v - 95. What is c(-5)?
-25
Let v(g) = 90*g - 1246. What is v(14)?
14
Let a(h) = h**2 - 10*h - 38. Determine a(14).
18
Let f(d) = 11*d + 419. Calculate f(-37).
12
Let l(p) = -p**2 + 1818*p + 185756. What is l(-97)?
1
Let j(h) = -h**2 - 205*h - 3520. What is j(-19)?
14
Let f(r) = -10*r**2 + 14*r - 22. Calculate f(2).
-34
Let u(a) = -3*a**2 + 33*a + 2164. What is u(33)?
-14
Let b(k) = k**3 + 46*k**2 + 136*k + 306. Calculate b(-43).
5
Let r(t) = 3*t**2 - 162*t + 314. Determine r(53).
155
Let m(x) = 91*x - 2056. Determine m(23).
37
Let u(v) = -2*v**3 + 19*v**2 + 26*v + 15. Calculate u(11).
-62
Let w(z) = 5*z**2 - 73*z + 94. Give w(13).
-10
Let i(x) = -x**3 + 8*x**2 + 19*x - 75. Calculate i(9).
15
Let i(u) = u**3 + 45*u**2 + 161*u - 141. Calculate i(-41).
-18
Let r(g) = -g**3 + 23*g**2 - 60*g + 7. Give r(20).
7
Let r(a) = -10*a - 824. Give r(-86).
36
Let x(g) = 2*g**3 - 24*g**2 - 31*g + 9. Calculate x(13).
-56
Let w(j) = -6*j**2 + 234*j - 242. Determine w(38).
-14
Let o(w) = -2*w**2 - 18*w + 206. Determine o(-17).
-66
Let u(z) = -z**2 + 130*z + 3. Calculate u(0).
3
Let c(s) = 18*s - 1536. Calculate c(85).
-6
Let t(h) = h**2 - 16*h - 86. What is t(12)?
-134
Let w(n) = n**3 + 2*n**2 + 6*n + 246. What is w(0)?
246
Let p(c) = -421*c - 30711. Calculate p(-73).
22
Let x(t) = -t**3 - 3*t**2 - 9*t - 41. Calculate x(-5).
54
Let n(l) = l**2 - 20*l - 114. What is n(23)?
-45
Let h(j) = -46*j + 223. Calculate h(5).
-7
Let p(w) = w**3 + 125*w**2 + 3398*w - 59. Determine p(-40).
21
Let l(t) = t**2 - 83*t + 1432. Determine l(61).
90
Let n(d) = 19*d**2 + 209*d + 23. Determine n(-11).
23
Let n(v) = -258*v + 607. Give n(2).
91
Let i(z) = -9*z**3 + 2*z**2 + 6*z - 10. Determine i(2).
-62
Let a(m) = -29*m**2 + 1154*m + 230. Calculate a(40).
-10
Let p(q) = -60*q + 2458. Calculate p(41).
-2
Let t(m) = 134*m - 816. What is t(6)?
-12
Let k(f) = 2*f**2 - 189*f - 903. Determine k(99).
-12
Let p(b) = -3*b**3 + 20*b**2 - 25*b + 186. What is p(9)?
-606
Let l(u) = -2*u**2 - 59*u + 1637. Determine l(-47).
-8
Let w(m) = 13*m - 434. Give w(15).
-239
Let h(x) = -9*x**2 + 79*x + 8. Determine h(8).
64
Let g(k) = -42*k - 77. Calculate g(-8).
259
Let f(v) = -16*v**2 + v - 14. Give f(2).
-76
Let i(j) = 35*j + 261. What is i(-7)?
16
Let x(g) = g**3 - g**2 + 155*g - 310. Determine x(2).
4
Let t(r) = -15*r**2 - 93*r + 63. Give t(-6).
81
Let i(a) = a**2 - 15*a - 82. Determine i(26).
204
Let r(x) = -623*x - 26170. What is r(-42)?
-4
Let n(a) = -3*a**2 - 626*a - 1650. What is n(-206)?
-2
Let g(n) = 194*n - 1516. What is g(8)?
36
Let v(k) = k - 182. What is v(-29)?
-211
Let f(t) = 46*t + 1925. What is f(-36)?
269
Let b(l) = l**2 - 27*l - 27. Give b(-1).
1
Let r(a) = -a**3 + 54*a**2 + 63*a - 119. Calculate r(55).
321
Let y(w) = w**3 - 70*w**2 + 1219*w + 179. Calculate y(34).
9
Let g(t) = t**2 + 290*t - 10310. Calculate g(32).
-6
Let c(u) = 161*u**2 + 596*u - 3. Determine c(-3).
-342
Let n(s) = s**3 + 25*s**2 - 33*s + 13. Give n(-26).
195
Let w(z) = -z**2 - 96*z + 1371. Give w(15).
-294
Let k(m) = -2*m**2 + 1060*m - 8354. Determine k(522).
-2
Let i(y) = y**2 - 5*y - 36. Determine i(-4).
0
Let x(g) = g**2 + 88*g + 888. Determine x(-12).
-24
Let f(z) = 578*z - 25429. Determine f(44).
3
Let l(i) = -394*i + 77588. Calculate l(197).
-30
Let a(c) = c**3 + 3*c**2 - 24*c - 27. Determine a(-6).
9
Let u(d) = -5*d**2 - 33*d + 1171. Determine u(-19).
-7
Let h(a) = a**3 + 17*a**2 + 11*a + 80. Give h(-16).
160
Let r(u) = -u**2 + 30. Give r(7).
-19
Let a(t) = -3*t**3 - 28*t**2 - 41*t + 52. Give a(-7).
-4
Let f(c) = c**2 + 144*c + 2380. What is f(-19)?
5
Let k(n) = -4*n**3 + 10*n**2 + 16*n + 16. Give k(4).
-16
Let j(v) = v**3 - 16*v**2 - 82*v + 49. What is j(20)?
9
Let z(x) = -2*x**2 - 223*x + 446. Calculate z(2).
-8
Let u(p) = 1420*p + 14227. Calculate u(-10).
27
Let n(v) = v**3 - 48*v**2 - 1024*v + 5. Give n(64).
5
Let g(o) = 381*o - 4953. What is g(13)?
0
Let k(g) = -3*g**3 + 75*g**2 + 62*g + 395. Determine k(26).
-21
Let c(z) = z**3 + 46*z**2 + 61*z + 703. Determine c(-45).
-17
Let l(y) = 3*y**2 + 23*y + 568. What is l(-13)?
776
Let h(v) = -46*v**2 - 825*v + 50. Calculate h(-18).
-4
Let a(u) = -122*u + 37701. Give a(309).
3
Let a(m) = 3*m**2 + 23*m - 78. Give a(3).
18
Let s(w) = w**2 - 41*w + 28. Calculate s(40).
-12
Let k(x) = 13*x**2 - 175*x + 218. Give k(12).
-10
Let b(y) = -4*y**2 + 243*y + 1966. Determine b(68).
-6
Let z(g) = 28*g**2 + 344*g - 32. Give z(-10).
-672
Let m(l) = 2*l**3 + 2*l**2 - 74*l - 294. Give m(-4).
-94
Let l(x) = -38*x + 3373. Determine l(89).
-9
Let n(k) = 7*k**3 + 96*k**2 - 26*k + 11. Calculate n(-14).
-17
Let p(t) = -5*t**3 - 143*t**2 - 76*t + 222. What is p(-28)?
-2
Let l(q) = 8*q - 424. Determine l(61).
64
Let i(k) = -3*k**3 + 2*k**2 + 26*k - 98. What is i(4)?
-154
Let i(o) = -410*o**2 + 1. Determine i(1).
-409
Let m(n) = -n + 2